me factors of 356477901.
3, 13, 9140459
List the prime factors of 21845016.
2, 3, 127, 2389
What are the prime factors of 47598667?
19, 2505193
List the prime factors of 24297949.
13, 1869073
List the prime factors of 326574000.
2, 3, 5, 18143
What are the prime factors of 311835582?
2, 3, 71293
What are the prime factors of 12859378?
2, 7, 17, 71, 761
What are the prime factors of 112270679?
3041, 36919
What are the prime factors of 113142155?
5, 7, 1091, 2963
What are the prime factors of 62621393?
593, 105601
List the prime factors of 2344910351.
7, 17, 109, 293, 617
List the prime factors of 217841689.
13, 17, 985709
What are the prime factors of 605980559?
4483, 135173
What are the prime factors of 227437807?
29, 449, 17467
List the prime factors of 204744189.
3, 13, 5249851
What are the prime factors of 886305324?
2, 3, 1987, 37171
What are the prime factors of 79624578?
2, 3, 11, 1206433
List the prime factors of 346300044.
2, 3, 127, 227231
What are the prime factors of 69860432?
2, 4366277
What are the prime factors of 6429417?
3, 17, 126067
What are the prime factors of 167985658?
2, 269, 312241
List the prime factors of 3445984962.
2, 3, 7, 743, 36809
List the prime factors of 88947182.
2, 293, 151787
What are the prime factors of 4843226323?
13, 372555871
What are the prime factors of 234260759?
7309, 32051
What are the prime factors of 2128914866?
2, 13, 4421, 18521
What are the prime factors of 484293210?
2, 3, 5, 149, 108343
List the prime factors of 3948855.
3, 5, 263257
What are the prime factors of 122308462?
2, 167, 366193
What are the prime factors of 54121702?
2, 27060851
List the prime factors of 55666559.
13, 59, 72577
List the prime factors of 36041710.
2, 5, 881, 4091
What are the prime factors of 638358978?
2, 3, 211, 587, 859
What are the prime factors of 3914975297?
3083, 1269859
What are the prime factors of 4257874299?
3, 7, 59, 3436541
List the prime factors of 510097365.
3, 5, 3778499
List the prime factors of 426541076.
2, 13, 8202713
List the prime factors of 633168240.
2, 3, 5, 2638201
What are the prime factors of 4119404207?
4119404207
What are the prime factors of 367054260?
2, 3, 5, 31, 197341
List the prime factors of 262406730.
2, 3, 5, 17, 514523
List the prime factors of 24666770.
2, 5, 83, 113, 263
What are the prime factors of 14940987?
3, 743, 6703
What are the prime factors of 44811357?
3, 14937119
List the prime factors of 69140339.
97, 443, 1609
What are the prime factors of 1482619644?
2, 3, 11, 3743989
List the prime factors of 56168546.
2, 7, 199, 20161
List the prime factors of 7877109.
3, 23, 114161
List the prime factors of 1087992331.
47, 241, 96053
List the prime factors of 1529430925.
5, 11, 17, 29741
List the prime factors of 821603105.
5, 164320621
List the prime factors of 21135528.
2, 3, 23, 12763
List the prime factors of 1942267107.
3, 11, 58856579
What are the prime factors of 1274488162?
2, 37, 17222813
What are the prime factors of 13249911?
3, 47, 93971
List the prime factors of 194707662.
2, 3, 32451277
List the prime factors of 1564868951.
67, 307, 76079
List the prime factors of 62821696.
2, 7, 140227
List the prime factors of 3325087208.
2, 41, 10137461
What are the prime factors of 190819863?
3, 13, 41, 39779
List the prime factors of 5791559004.
2, 3, 7, 11, 31, 557
List the prime factors of 1395898740.
2, 3, 5, 857, 9049
List the prime factors of 36461579.
7, 11, 473527
What are the prime factors of 720721898?
2, 13, 79, 350887
List the prime factors of 37673242.
2, 131, 143791
List the prime factors of 496166753.
496166753
What are the prime factors of 393275158?
2, 53, 89, 41687
List the prime factors of 2737748665.
5, 19, 28818407
What are the prime factors of 4496191920?
2, 3, 5, 11, 19, 29879
What are the prime factors of 6413956192?
2, 7, 28633733
What are the prime factors of 33284251?
7, 11, 13, 41, 811
What are the prime factors of 8207283726?
2, 3, 47, 263, 36887
List the prime factors of 4522360363.
4522360363
List the prime factors of 293772438.
2, 3, 101, 161591
List the prime factors of 3763103089.
7727, 487007
What are the prime factors of 67021055?
5, 17, 107, 7369
What are the prime factors of 899367818?
2, 449683909
List the prime factors of 101924069.
13, 603101
List the prime factors of 22383895.
5, 4476779
List the prime factors of 39324549.
3, 11, 23, 197, 263
List the prime factors of 638395763.
19, 29, 1158613
What are the prime factors of 539958474?
2, 3, 11, 303007
List the prime factors of 600922587.
3, 23, 37, 113, 2083
What are the prime factors of 3700953913?
3700953913
List the prime factors of 69517304.
2, 41, 211943
List the prime factors of 43828764.
2, 3, 7, 313, 1667
List the prime factors of 24855267.
3, 8285089
What are the prime factors of 4250046943?
43, 1427, 69263
What are the prime factors of 404663300?
2, 5, 59, 107, 641
List the prime factors of 48275289.
3, 389, 13789
List the prime factors of 556062636.
2, 3, 149, 310997
What are the prime factors of 13840613?
13840613
List the prime factors of 266793797.
266793797
What are the prime factors of 34453203?
3, 17, 675553
List the prime factors of 31405131.
3, 151, 7703
What are the prime factors of 566026209?
3, 7, 109, 139, 593
What are the prime factors of 740022877?
11, 67274807
What are the prime factors of 132436357?
37, 1787, 2003
What are the prime factors of 1719378965?
5, 343875793
What are the prime factors of 2013908305?
5, 73, 5517557
What are the prime factors of 62022157?
59, 769, 1367
List the prime factors of 5771533495.
5, 7, 13, 47, 269887
What are the prime factors of 592170460?
2, 5, 7, 181, 23369
What are the prime factors of 54596343?
3, 18198781
List the prime factors of 1785283615.
5, 357056723
What are the prime factors of 55536983?
55536983
What are the prime factors of 3103170244?
2, 79, 9820159
What are the prime factors of 2321221654?
2, 29, 61, 443, 1481
What are the prime factors of 1377732052?
2, 8291, 41543
List the prime factors of 1344206914.
2, 9011, 74587
What are the prime factors of 212624226?
2, 3, 31, 381047
What are the prime factors of 2115906433?
857, 2468969
List the prime factors of 1942016007.
3, 73, 1567, 5659
What are the prime factors of 2745232252?
2, 7, 19, 23, 32051
List the prime factors of 5258787859.
13, 404522143
What are the prime factors of 120349687?
120349687
List the prime factors of 869851.
193, 4507
List the prime factors of 333617245.
5, 13, 53, 113, 857
What are the prime factors of 219347032?
2, 1657, 16547
What are the prime factors of 15818163?
3, 1667, 3163
List the prime factors of 101943672.
2, 3, 1103, 3851
What are the prime factors of 3356388776?
2, 13, 29, 467, 2383
List the prime factors of 15507734.
2, 11, 704897
List the prime factors of 126749992.
2, 499, 31751
List the prime factors of 95670474.
2, 3, 47, 339257
What are the prime factors of 78789770?
2, 5, 19, 414683
What are the prime factors of 191938182?
2, 3, 29, 229, 4817
What are the prime factors of 52872877?
19, 2782783
What are the prime factors of 178796899?
97, 601, 3067
What are the prime factors of 154577193?
3, 51525731
List the prime factors of 58742232.
2, 3, 53, 46181
List the prime factors of 33411169.
11, 59, 51481
List the prime factors of 68084109.
3, 593, 12757
What are the prime factors of 62586418?
2, 17, 19, 41, 139
What are the prime factors of 4864047963?
3, 31, 5693, 9187
What are the prime factors of 94245958?
2, 47122979
What are the prime factors of 639385427?
639385427
What are the prime factors of 2251241892?
2, 3, 62534497
List the prime factors of 2913074997.
3, 7, 97, 181, 7901
List the prime factors of 797828938.
2, 17, 409, 57373
List the prime factors of 2014500829.
11, 183136439
What are the prime factors of 200187328?
2, 11, 284357
What are the prime factors of 63790134?
2, 3, 1709, 6221
List the prime factors of 1192318409.
17, 109, 643453
What are the prime factors of 24164284?
2, 179, 33749
What are the prime factors of 296913693?
3, 23, 71, 60607
List the prime factors of 104945667.
3, 34981889
List the prime factors of 327380615.
5, 31, 47, 44939
What are the prime factors of 53966998?
2, 47, 383, 1499
List the prime factors of 388698004.
2, 97174501
List the prime factors of 4437761.
83, 127, 42